e the remainder when 3337133 is divided by 1301.
68
What is the remainder when 403033 is divided by 350?
183
Calculate the remainder when 8642 is divided by 8303.
339
Calculate the remainder when 4146522578 is divided by 8102.
8100
What is the remainder when 5104 is divided by 786?
388
What is the remainder when 24314905 is divided by 26?
17
What is the remainder when 19848449 is divided by 126?
47
Calculate the remainder when 18043 is divided by 1405.
1183
Calculate the remainder when 9626516 is divided by 730.
6
Calculate the remainder when 1155668 is divided by 60818.
126
What is the remainder when 4087548 is divided by 290?
288
What is the remainder when 200849 is divided by 25093?
105
Calculate the remainder when 1337473 is divided by 340.
253
What is the remainder when 67884330 is divided by 107?
106
Calculate the remainder when 83763584 is divided by 53.
52
What is the remainder when 738777 is divided by 27310?
1407
Calculate the remainder when 10154887 is divided by 367.
364
What is the remainder when 42563 is divided by 178?
21
What is the remainder when 1681444 is divided by 240195?
79
Calculate the remainder when 5742255 is divided by 1453.
1452
Calculate the remainder when 434350 is divided by 28680.
4150
What is the remainder when 19939933 is divided by 12012?
13
What is the remainder when 1497650 is divided by 58?
32
Calculate the remainder when 1754178 is divided by 1804.
690
Calculate the remainder when 43687 is divided by 82.
63
Calculate the remainder when 16704948 is divided by 464024.
84
What is the remainder when 26101865 is divided by 573?
569
Calculate the remainder when 253491 is divided by 84159.
1014
What is the remainder when 13762 is divided by 525?
112
What is the remainder when 8604 is divided by 3864?
876
Calculate the remainder when 77989 is divided by 1163.
68
What is the remainder when 35645259 is divided by 1916?
1911
What is the remainder when 62595 is divided by 4800?
195
What is the remainder when 37364 is divided by 1047?
719
Calculate the remainder when 612398 is divided by 39.
20
What is the remainder when 96165 is divided by 10595?
810
What is the remainder when 462535 is divided by 154146?
97
What is the remainder when 10973548 is divided by 3657835?
43
Calculate the remainder when 69444 is divided by 802.
472
What is the remainder when 709731 is divided by 87?
72
What is the remainder when 536154 is divided by 16754?
26
Calculate the remainder when 108091 is divided by 5986.
343
What is the remainder when 4264637 is divided by 2791?
2780
Calculate the remainder when 8683994 is divided by 263.
260
What is the remainder when 10786146 is divided by 131?
130
Calculate the remainder when 123782 is divided by 3737.
461
What is the remainder when 149873 is divided by 49155?
2408
Calculate the remainder when 17179341 is divided by 4914.
4911
What is the remainder when 293736724 is divided by 1574?
1566
Calculate the remainder when 5079360 is divided by 1529.
22
What is the remainder when 10027750 is divided by 588?
586
Calculate the remainder when 174501996 is divided by 63.
60
Calculate the remainder when 36568746 is divided by 891920.
26
What is the remainder when 2794823 is divided by 139?
89
Calculate the remainder when 2482911 is divided by 428.
83
What is the remainder when 578422 is divided by 115665?
97
Calculate the remainder when 7676179 is divided by 5873.
168
What is the remainder when 568599232 is divided by 123?
121
What is the remainder when 127319549 is divided by 38?
17
Calculate the remainder when 7778573 is divided by 3989.
23
What is the remainder when 134824 is divided by 3227?
2517
What is the remainder when 23364 is divided by 44?
0
Calculate the remainder when 1183439 is divided by 697.
630
Calculate the remainder when 42412 is divided by 2512.
2220
Calculate the remainder when 77578 is divided by 1901.
1538
What is the remainder when 25021 is divided by 16?
13
What is the remainder when 353935 is divided by 23591?
70
Calculate the remainder when 272809 is divided by 135899.
1011
Calculate the remainder when 28907804 is divided by 36.
20
Calculate the remainder when 7067575 is divided by 161.
158
What is the remainder when 4536615 is divided by 1512188?
51
Calculate the remainder when 42288 is divided by 7.
1
Calculate the remainder when 40059 is divided by 2217.
153
What is the remainder when 7091 is divided by 7066?
25
Calculate the remainder when 64721583 is divided by 74.
73
Calculate the remainder when 28701701 is divided by 3471.
2
What is the remainder when 6495 is divided by 5262?
1233
What is the remainder when 34656 is divided by 794?
514
Calculate the remainder when 15998609 is divided by 133.
39
Calculate the remainder when 247706 is divided by 1810.
1546
What is the remainder when 7314 is divided by 1785?
174
Calculate the remainder when 390403 is divided by 7362.
217
What is the remainder when 1066988 is divided by 1699?
16
What is the remainder when 369646 is divided by 122417?
2395
Calculate the remainder when 47050 is divided by 3136.
10
Calculate the remainder when 13890819 is divided by 127.
67
Calculate the remainder when 1789528 is divided by 1789525.
3
What is the remainder when 1046867 is divided by 21?
17
What is the remainder when 3490220 is divided by 4521?
8
What is the remainder when 106386 is divided by 766?
678
Calculate the remainder when 3304097637 is divided by 1032.
1029
Calculate the remainder when 9842699 is divided by 1728.
11
What is the remainder when 152419958 is divided by 154?
152
What is the remainder when 158759 is divided by 858?
29
What is the remainder when 659862 is divided by 329834?
194
Calculate the remainder when 1396004 is divided by 19681.
18334
What is the remainder when 36773402 is divided by 131?
130
Calculate the remainder when 91458 is divided by 1022.
500
What is the remainder when 43922 is divided by 43915?
7
What is the remainder when 199609726 is divided by 384?
382
What is the remainder when 965123 is divided by 15556?
651
Calculate the remainder when 8690089 is divided by 1926.
1903
What is the remainder when 98264001 is divided by 1420?
1
Calculate the remainder when 155831 is divided by 312.
143
Calculate the remainder when 19519078 is divided by 420.
418
What is the remainder when 318371 is divided by 885?
656
What is the remainder when 1003134 is divided by 7868?
3898
What is the remainder when 85439 is divided by 84367?
1072
What is the remainder when 14542 is divided by 1211?
10
Calculate the remainder when 17511720 is divided by 17511676.
44
Calculate the remainder when 302056 is divided by 2206.
2040
Calculate the remainder when 343792 is divided by 311.
137
Calculate the remainder when 47020793 is divided by 2563.
2558
What is the remainder when 481599 is divided by 860?
859
Calculate the remainder when 292686376 is divided by 373.
363
What is the remainder when 9256163 is divided by 8369?
49
What is the remainder when 3027162 is divided by 1922?
12
Calculate the remainder when 644909470 is divided by 25.
20
What is the remainder when 15258146 is divided by 4903?
10
Calculate the remainder when 105950781 is divided by 3184.
3181
Calculate the remainder when 12630 is divided by 313.
110
Calculate the remainder when 380302 is divided by 230.
112
What is the remainder when 41767984 is divided by 35?
34
Calculate the remainder when 52277 is divided by 2551.
1257
Calculate the remainder when 485135 is divided by 107.
104
Calculate the remainder when 546701 is divided by 273344.
13
What is the remainder when 8398084 is divided by 96?
4
Calculate the remainder when 645703 is divided by 2003.
737
Calculate the remainder when 32276164 is divided by 19.
9
Calculate the remainder when 2751148 is divided by 949.
946
What is the remainder when 353508 is divided by 1649?
622
What is the remainder when 119294823 is divided by 2357?
2339
Calculate the remainder when 15494002 is divided by 388.
386
What is the remainder when 2216492 is divided by 138527?
60
Calculate the remainder when 540301 is divided by 179625.
1426
What is the remainder when 7945666 is divided by 778?
730
What is the remainder when 12099618 is divided by 162?
0
Calculate the remainder when 547054102 is divided by 1417.
1414
Calculate the remainder when 